{"id":417,"date":"2025-06-26T15:57:26","date_gmt":"2025-06-26T15:57:26","guid":{"rendered":"https:\/\/www.crsoluciones.com\/Tienda\/?post_type=product&#038;p=417"},"modified":"2025-06-26T15:58:28","modified_gmt":"2025-06-26T15:58:28","slug":"bio-autentika-movil-android-demo-2","status":"publish","type":"product","link":"https:\/\/www.crsoluciones.com\/Tienda\/product\/bio-autentika-movil-android-demo-2\/","title":{"rendered":"Bio-Autentika\u00ae M\u00f3vil Android Demo"},"content":{"rendered":"<p><b>Prueba Gratuita Bio-AUTENTIKA\u00ae M\u00f3vil, <\/b>app de autenticaci\u00f3n de la c\u00e9dula de identidad de Costa Rica en dispositivos m\u00f3viles, mediante una aplicaci\u00f3n que le permite leer los datos contenidos en el c\u00f3digo de los documentos de identidad.\u00a0 Este servicio incluye 5 campos configurables para la recolecci\u00f3n de informaci\u00f3n adicional que se desee agregar al registro de cada lectura de documentos, as\u00ed como la ubicaci\u00f3n geogr\u00e1fica de cada transacci\u00f3n.<\/p>\n","protected":false},"excerpt":{"rendered":"<p><b>Bio-AUTENTIKA\u00ae M\u00f3vil, <\/b>app de autenticaci\u00f3n de la c\u00e9dula de identidad de Costa Rica en dispositivos m\u00f3viles.<\/p>\n<p>Esta prueba incluye 10 intentos disponibles para que puedas familiarizarte con el funcionamiento de la lectura en la aplicaci\u00f3n.<\/p>\n<p>Para obtener la ficha t\u00e9cnica presiona <strong><a href=\"http:\/\/www.crsoluciones.com\/Tienda\/wp-content\/uploads\/2021\/07\/BROCHURE-CRSOL-MOVIL.pdf\">BROCHURE CRSOL MOVIL<\/a><\/strong>.<\/p>\n","protected":false},"featured_media":102,"template":"","meta":{"_coblocks_attr":"","_coblocks_dimensions":"","_coblocks_responsive_height":"","_coblocks_accordion_ie_support":""},"product_cat":[24],"product_tag":[],"_links":{"self":[{"href":"https:\/\/www.crsoluciones.com\/Tienda\/wp-json\/wp\/v2\/product\/417"}],"collection":[{"href":"https:\/\/www.crsoluciones.com\/Tienda\/wp-json\/wp\/v2\/product"}],"about":[{"href":"https:\/\/www.crsoluciones.com\/Tienda\/wp-json\/wp\/v2\/types\/product"}],"wp:featuredmedia":[{"embeddable":true,"href":"https:\/\/www.crsoluciones.com\/Tienda\/wp-json\/wp\/v2\/media\/102"}],"wp:attachment":[{"href":"https:\/\/www.crsoluciones.com\/Tienda\/wp-json\/wp\/v2\/media?parent=417"}],"wp:term":[{"taxonomy":"product_cat","embeddable":true,"href":"https:\/\/www.crsoluciones.com\/Tienda\/wp-json\/wp\/v2\/product_cat?post=417"},{"taxonomy":"product_tag","embeddable":true,"href":"https:\/\/www.crsoluciones.com\/Tienda\/wp-json\/wp\/v2\/product_tag?post=417"}],"curies":[{"name":"wp","href":"https:\/\/api.w.org\/{rel}","templated":true}]}}